{"id":1171,"date":"2024-05-22T10:32:39","date_gmt":"2024-05-22T09:32:39","guid":{"rendered":"https:\/\/gemeinsam-fuer-morgen.eu\/?page_id=1171"},"modified":"2024-12-15T08:56:16","modified_gmt":"2024-12-15T07:56:16","slug":"bio-diversitaet","status":"publish","type":"page","link":"https:\/\/gemeinsam-fuer-morgen.eu\/?page_id=1171","title":{"rendered":"Bio-Diversit\u00e4t"},"content":{"rendered":"\n<p>Wir sind Karo, Stefanie, Kerstin, Rebecca und Iris von der Arbeitsgruppe Biodiversit\u00e4t des Vereins Gemeinsam f\u00fcr MORGEN e.V. Unser Fokus liegt auf der Biodiversit\u00e4t \u2013 wir wollen nicht nur brachliegende Fl\u00e4chen in bl\u00fchende Lebensr\u00e4ume verwandeln, sondern auch das Bewusstsein f\u00fcr Biodiversit\u00e4t und Artenvielfalt\u00a0in unserer Gemeinde st\u00e4rken. Das soll nicht nur das lokale Klima verbessern, sondern auch langfristig zu einem nachhaltigen Denkansatz f\u00fchren.<\/p>\n\n\n\n<p>Unsere Ziele und Projekte sind genauso vielf\u00e4ltig wie die Natur selbst:<\/p>\n\n\n\n<ul class=\"wp-block-list\">\n<li>Wir organisieren verschiedene Veranstaltungen wie das Projekt \u201cB\u00f6tzingen bl\u00fcht auf\u201d, Biodiversit\u00e4tsspazierg\u00e4nge \u201cAller Arten Garten\u201d oder unsere Hausbaumpflanzaktion.<\/li>\n\n\n\n<li>Wir sind aktiv an konkreten Projekten beteiligt, wie dem Klimagarten an den Bahngleisen.<\/li>\n\n\n\n<li>Als n\u00e4chstes packen wir das Thema Baumpatenschaften an.<\/li>\n<\/ul>\n\n\n\n<p>Unser Ziel ist es nicht nur, die Umwelt zu sch\u00fctzen, sondern auch die Gemeinschaft einzubeziehen und f\u00fcr die Sch\u00f6nheit und Wichtigkeit der Natur zu begeistern. Wir sind gespannt und freuen uns darauf, gemeinsam mit unserer Gemeinde f\u00fcr eine bl\u00fchende und vielf\u00e4ltige Zukunft einzutreten!<\/p>\n\n\n\n<p>Hast DU&nbsp;Lust, Teil unserer \u201egr\u00fcnen Crew\u201c zu werden? Wir suchen Mitstreiter, die mit uns f\u00fcr mehr Natur in B\u00f6tzingen sorgen! Egal, ob du ein Pflanzenprofi, ein Tierfreund oder einfach nur neugierig bist \u2013 wir haben f\u00fcr jeden einen Platz in unserer Arbeitsgruppe. Melde Dich bei uns.<\/p>\n\n\n\n<p>Ansprechpartnerinnen&nbsp;<\/p>\n\n\n\n<ul class=\"wp-block-list\">\n<li>Karolin Krakutsch &nbsp;<a href=\"mailto:Karolin.Krakutsch@gemeinsam-fuer-morgen.eu\">Karolin.Krakutsch@gemeinsam-fuer-morgen.eu<\/a><\/li>\n\n\n\n<li>Iris Sohn &nbsp;<a href=\"mailto:Iris.Sohn@gemeinsam-fuer-morgen.eu\">Iris.Sohn@gemeinsam-fuer-morgen.eu<\/a><\/li>\n\n\n\n<li>Stefanie Staiger &nbsp;<a href=\"mailto:Stefanie.Staiger@gemeinsam-fuer-morgen.eu\">Stefanie.Staiger@gemeinsam-fuer-morgen.eu<\/a><\/li>\n\n\n\n<li>Kerstin Meier &nbsp;<a href=\"mailto:meier.kerstin89@gmail.com\">meier.kerstin89@gmail.com<\/a><\/li>\n\n\n\n<li>Rebecca Jung<\/li>\n<\/ul>\n","protected":false},"excerpt":{"rendered":"<p>Wir sind Karo, Stefanie, Kerstin, Rebecca und Iris von der Arbeitsgruppe Biodiversit\u00e4t des Vereins Gemeinsam f\u00fcr MORGEN e.V. Unser Fokus liegt auf der Biodiversit\u00e4t \u2013 wir wollen nicht nur brachliegende Fl\u00e4chen in bl\u00fchende Lebensr\u00e4ume verwandeln, sondern auch das Bewusstsein f\u00fcr Biodiversit\u00e4t und Artenvielfalt\u00a0in unserer Gemeinde st\u00e4rken. Das soll nicht nur das lokale Klima verbessern, sondern &hellip; <a href=\"https:\/\/gemeinsam-fuer-morgen.eu\/?page_id=1171\" class=\"more-link\"><span class=\"screen-reader-text\">Bio-Diversit\u00e4t<\/span> weiterlesen<\/a><\/p>\n","protected":false},"author":2,"featured_media":0,"parent":1168,"menu_order":0,"comment_status":"closed","ping_status":"closed","template":"","meta":{"footnotes":""},"class_list":["post-1171","page","type-page","status-publish","hentry"],"yoast_head":"<!-- This site is optimized with the Yoast SEO plugin v27.5 - https:\/\/yoast.com\/product\/yoast-seo-wordpress\/ -->\n<title>Bio-Diversit\u00e4t - Gemeinsam f\u00fcr Morgen e.V.<\/title>\n<meta name=\"robots\" content=\"index, follow, max-snippet:-1, max-image-preview:large, max-video-preview:-1\" \/>\n<link rel=\"canonical\" href=\"https:\/\/gemeinsam-fuer-morgen.eu\/?page_id=1171\" \/>\n<meta property=\"og:locale\" content=\"de_DE\" \/>\n<meta property=\"og:type\" content=\"article\" \/>\n<meta property=\"og:title\" content=\"Bio-Diversit\u00e4t - Gemeinsam f\u00fcr Morgen e.V.\" \/>\n<meta property=\"og:description\" content=\"Wir sind Karo, Stefanie, Kerstin, Rebecca und Iris von der Arbeitsgruppe Biodiversit\u00e4t des Vereins Gemeinsam f\u00fcr MORGEN e.V. Unser Fokus liegt auf der Biodiversit\u00e4t \u2013 wir wollen nicht nur brachliegende Fl\u00e4chen in bl\u00fchende Lebensr\u00e4ume verwandeln, sondern auch das Bewusstsein f\u00fcr Biodiversit\u00e4t und Artenvielfalt\u00a0in unserer Gemeinde st\u00e4rken. Das soll nicht nur das lokale Klima verbessern, sondern &hellip; Bio-Diversit\u00e4t weiterlesen\" \/>\n<meta property=\"og:url\" content=\"https:\/\/gemeinsam-fuer-morgen.eu\/?page_id=1171\" \/>\n<meta property=\"og:site_name\" content=\"Gemeinsam f\u00fcr Morgen e.V.\" \/>\n<meta property=\"article:modified_time\" content=\"2024-12-15T07:56:16+00:00\" \/>\n<meta name=\"twitter:card\" content=\"summary_large_image\" \/>\n<meta name=\"twitter:label1\" content=\"Gesch\u00e4tzte Lesezeit\" \/>\n\t<meta name=\"twitter:data1\" content=\"2\u00a0Minuten\" \/>\n<script type=\"application\/ld+json\" class=\"yoast-schema-graph\">{\"@context\":\"https:\\\/\\\/schema.org\",\"@graph\":[{\"@type\":\"WebPage\",\"@id\":\"https:\\\/\\\/gemeinsam-fuer-morgen.eu\\\/?page_id=1171\",\"url\":\"https:\\\/\\\/gemeinsam-fuer-morgen.eu\\\/?page_id=1171\",\"name\":\"Bio-Diversit\u00e4t - Gemeinsam f\u00fcr Morgen e.V.\",\"isPartOf\":{\"@id\":\"https:\\\/\\\/gemeinsam-fuer-morgen.eu\\\/#website\"},\"datePublished\":\"2024-05-22T09:32:39+00:00\",\"dateModified\":\"2024-12-15T07:56:16+00:00\",\"breadcrumb\":{\"@id\":\"https:\\\/\\\/gemeinsam-fuer-morgen.eu\\\/?page_id=1171#breadcrumb\"},\"inLanguage\":\"de\",\"potentialAction\":[{\"@type\":\"ReadAction\",\"target\":[\"https:\\\/\\\/gemeinsam-fuer-morgen.eu\\\/?page_id=1171\"]}]},{\"@type\":\"BreadcrumbList\",\"@id\":\"https:\\\/\\\/gemeinsam-fuer-morgen.eu\\\/?page_id=1171#breadcrumb\",\"itemListElement\":[{\"@type\":\"ListItem\",\"position\":1,\"name\":\"Startseite\",\"item\":\"https:\\\/\\\/gemeinsam-fuer-morgen.eu\\\/\"},{\"@type\":\"ListItem\",\"position\":2,\"name\":\"Arbeitsgruppen\",\"item\":\"https:\\\/\\\/gemeinsam-fuer-morgen.eu\\\/?page_id=1168\"},{\"@type\":\"ListItem\",\"position\":3,\"name\":\"Bio-Diversit\u00e4t\"}]},{\"@type\":\"WebSite\",\"@id\":\"https:\\\/\\\/gemeinsam-fuer-morgen.eu\\\/#website\",\"url\":\"https:\\\/\\\/gemeinsam-fuer-morgen.eu\\\/\",\"name\":\"Gemeinsam f\u00fcr Morgen e.V.\",\"description\":\"Nachhaltig in die Zukunft\",\"publisher\":{\"@id\":\"https:\\\/\\\/gemeinsam-fuer-morgen.eu\\\/#organization\"},\"potentialAction\":[{\"@type\":\"SearchAction\",\"target\":{\"@type\":\"EntryPoint\",\"urlTemplate\":\"https:\\\/\\\/gemeinsam-fuer-morgen.eu\\\/?s={search_term_string}\"},\"query-input\":{\"@type\":\"PropertyValueSpecification\",\"valueRequired\":true,\"valueName\":\"search_term_string\"}}],\"inLanguage\":\"de\"},{\"@type\":\"Organization\",\"@id\":\"https:\\\/\\\/gemeinsam-fuer-morgen.eu\\\/#organization\",\"name\":\"Gemeinsam f\u00fcr Morgen\",\"url\":\"https:\\\/\\\/gemeinsam-fuer-morgen.eu\\\/\",\"logo\":{\"@type\":\"ImageObject\",\"inLanguage\":\"de\",\"@id\":\"https:\\\/\\\/gemeinsam-fuer-morgen.eu\\\/#\\\/schema\\\/logo\\\/image\\\/\",\"url\":\"https:\\\/\\\/gemeinsam-fuer-morgen.eu\\\/wp-content\\\/uploads\\\/2020\\\/11\\\/cropped-Logo_ohneKasten_GfM-20201009-1.png\",\"contentUrl\":\"https:\\\/\\\/gemeinsam-fuer-morgen.eu\\\/wp-content\\\/uploads\\\/2020\\\/11\\\/cropped-Logo_ohneKasten_GfM-20201009-1.png\",\"width\":9999,\"height\":4991,\"caption\":\"Gemeinsam f\u00fcr Morgen\"},\"image\":{\"@id\":\"https:\\\/\\\/gemeinsam-fuer-morgen.eu\\\/#\\\/schema\\\/logo\\\/image\\\/\"}}]}<\/script>\n<!-- \/ Yoast SEO plugin. -->","yoast_head_json":{"title":"Bio-Diversit\u00e4t - Gemeinsam f\u00fcr Morgen e.V.","robots":{"index":"index","follow":"follow","max-snippet":"max-snippet:-1","max-image-preview":"max-image-preview:large","max-video-preview":"max-video-preview:-1"},"canonical":"https:\/\/gemeinsam-fuer-morgen.eu\/?page_id=1171","og_locale":"de_DE","og_type":"article","og_title":"Bio-Diversit\u00e4t - Gemeinsam f\u00fcr Morgen e.V.","og_description":"Wir sind Karo, Stefanie, Kerstin, Rebecca und Iris von der Arbeitsgruppe Biodiversit\u00e4t des Vereins Gemeinsam f\u00fcr MORGEN e.V. Unser Fokus liegt auf der Biodiversit\u00e4t \u2013 wir wollen nicht nur brachliegende Fl\u00e4chen in bl\u00fchende Lebensr\u00e4ume verwandeln, sondern auch das Bewusstsein f\u00fcr Biodiversit\u00e4t und Artenvielfalt\u00a0in unserer Gemeinde st\u00e4rken. Das soll nicht nur das lokale Klima verbessern, sondern &hellip; Bio-Diversit\u00e4t weiterlesen","og_url":"https:\/\/gemeinsam-fuer-morgen.eu\/?page_id=1171","og_site_name":"Gemeinsam f\u00fcr Morgen e.V.","article_modified_time":"2024-12-15T07:56:16+00:00","twitter_card":"summary_large_image","twitter_misc":{"Gesch\u00e4tzte Lesezeit":"2\u00a0Minuten"},"schema":{"@context":"https:\/\/schema.org","@graph":[{"@type":"WebPage","@id":"https:\/\/gemeinsam-fuer-morgen.eu\/?page_id=1171","url":"https:\/\/gemeinsam-fuer-morgen.eu\/?page_id=1171","name":"Bio-Diversit\u00e4t - Gemeinsam f\u00fcr Morgen e.V.","isPartOf":{"@id":"https:\/\/gemeinsam-fuer-morgen.eu\/#website"},"datePublished":"2024-05-22T09:32:39+00:00","dateModified":"2024-12-15T07:56:16+00:00","breadcrumb":{"@id":"https:\/\/gemeinsam-fuer-morgen.eu\/?page_id=1171#breadcrumb"},"inLanguage":"de","potentialAction":[{"@type":"ReadAction","target":["https:\/\/gemeinsam-fuer-morgen.eu\/?page_id=1171"]}]},{"@type":"BreadcrumbList","@id":"https:\/\/gemeinsam-fuer-morgen.eu\/?page_id=1171#breadcrumb","itemListElement":[{"@type":"ListItem","position":1,"name":"Startseite","item":"https:\/\/gemeinsam-fuer-morgen.eu\/"},{"@type":"ListItem","position":2,"name":"Arbeitsgruppen","item":"https:\/\/gemeinsam-fuer-morgen.eu\/?page_id=1168"},{"@type":"ListItem","position":3,"name":"Bio-Diversit\u00e4t"}]},{"@type":"WebSite","@id":"https:\/\/gemeinsam-fuer-morgen.eu\/#website","url":"https:\/\/gemeinsam-fuer-morgen.eu\/","name":"Gemeinsam f\u00fcr Morgen e.V.","description":"Nachhaltig in die Zukunft","publisher":{"@id":"https:\/\/gemeinsam-fuer-morgen.eu\/#organization"},"potentialAction":[{"@type":"SearchAction","target":{"@type":"EntryPoint","urlTemplate":"https:\/\/gemeinsam-fuer-morgen.eu\/?s={search_term_string}"},"query-input":{"@type":"PropertyValueSpecification","valueRequired":true,"valueName":"search_term_string"}}],"inLanguage":"de"},{"@type":"Organization","@id":"https:\/\/gemeinsam-fuer-morgen.eu\/#organization","name":"Gemeinsam f\u00fcr Morgen","url":"https:\/\/gemeinsam-fuer-morgen.eu\/","logo":{"@type":"ImageObject","inLanguage":"de","@id":"https:\/\/gemeinsam-fuer-morgen.eu\/#\/schema\/logo\/image\/","url":"https:\/\/gemeinsam-fuer-morgen.eu\/wp-content\/uploads\/2020\/11\/cropped-Logo_ohneKasten_GfM-20201009-1.png","contentUrl":"https:\/\/gemeinsam-fuer-morgen.eu\/wp-content\/uploads\/2020\/11\/cropped-Logo_ohneKasten_GfM-20201009-1.png","width":9999,"height":4991,"caption":"Gemeinsam f\u00fcr Morgen"},"image":{"@id":"https:\/\/gemeinsam-fuer-morgen.eu\/#\/schema\/logo\/image\/"}}]}},"_links":{"self":[{"href":"https:\/\/gemeinsam-fuer-morgen.eu\/index.php?rest_route=\/wp\/v2\/pages\/1171","targetHints":{"allow":["GET"]}}],"collection":[{"href":"https:\/\/gemeinsam-fuer-morgen.eu\/index.php?rest_route=\/wp\/v2\/pages"}],"about":[{"href":"https:\/\/gemeinsam-fuer-morgen.eu\/index.php?rest_route=\/wp\/v2\/types\/page"}],"author":[{"embeddable":true,"href":"https:\/\/gemeinsam-fuer-morgen.eu\/index.php?rest_route=\/wp\/v2\/users\/2"}],"replies":[{"embeddable":true,"href":"https:\/\/gemeinsam-fuer-morgen.eu\/index.php?rest_route=%2Fwp%2Fv2%2Fcomments&post=1171"}],"version-history":[{"count":3,"href":"https:\/\/gemeinsam-fuer-morgen.eu\/index.php?rest_route=\/wp\/v2\/pages\/1171\/revisions"}],"predecessor-version":[{"id":1234,"href":"https:\/\/gemeinsam-fuer-morgen.eu\/index.php?rest_route=\/wp\/v2\/pages\/1171\/revisions\/1234"}],"up":[{"embeddable":true,"href":"https:\/\/gemeinsam-fuer-morgen.eu\/index.php?rest_route=\/wp\/v2\/pages\/1168"}],"wp:attachment":[{"href":"https:\/\/gemeinsam-fuer-morgen.eu\/index.php?rest_route=%2Fwp%2Fv2%2Fmedia&parent=1171"}],"curies":[{"name":"wp","href":"https:\/\/api.w.org\/{rel}","templated":true}]}}