{"id":1173,"date":"2024-05-22T10:35:16","date_gmt":"2024-05-22T09:35:16","guid":{"rendered":"https:\/\/gemeinsam-fuer-morgen.eu\/?page_id=1173"},"modified":"2024-06-02T15:08:54","modified_gmt":"2024-06-02T14:08:54","slug":"mobilitaet","status":"publish","type":"page","link":"https:\/\/gemeinsam-fuer-morgen.eu\/?page_id=1173","title":{"rendered":"Mobilit\u00e4t"},"content":{"rendered":"\n<p>Das ist unsere Arbeitsgruppe Mobilit\u00e4t<\/p>\n\n\n\n<p>Wir sind Melanie und Jochen von der Arbeitsgruppe Mobilit\u00e4t von Gemeinsam f\u00fcr MORGEN e.V. <\/p>\n\n\n\n<p>Unser Fokus liegt auf der F\u00f6rderung des Bewusstseins sowie Ideenentwicklung und Umsetzung von Projekten zu nachhaltiger Mobilit\u00e4t in unserer Gemeinde und im Umland.<\/p>\n\n\n\n<p>Im Fokus stehen die schw\u00e4cheren Verkehrsteilnehmer, zum Beispiel Kinder, Menschen mit eingeschr\u00e4nkter Mobilit\u00e4t z.B. mit Rollator oder Kinderwaagen, Menschen zu Fu\u00df oder auf dem Rad.<\/p>\n\n\n\n<p>Aktiv sind wir schon mit der Aktion STADTRADELN als fester Bestandteil im Terminkalender von B\u00f6tzingen und tollen Ergebnissen in den letzten Jahren.<\/p>\n\n\n\n<p>Konkret wollen wir folgende Themen angehen<\/p>\n\n\n\n<ul class=\"wp-block-list\">\n<li>Barrierefreiheit f\u00fcr Gehhilfen und Kinderw\u00e4gen f\u00f6rdern<\/li>\n\n\n\n<li>Einf\u00fchrung von Carsharing in der Gemeinde<\/li>\n\n\n\n<li>Verbesserung des Radwegnetzes, insbesondere im Ort<\/li>\n\n\n\n<li>Schaffung einer radfreundlichen Infrastruktur (Reparaturstation, Lades\u00e4ule, \u2026)<\/li>\n\n\n\n<li>Mitfahrb\u00e4nkle<\/li>\n\n\n\n<li>\u00d6PNV<\/li>\n\n\n\n<li>Und viele weitere Ideen sind in unseren K\u00f6pfen und vielleicht auch in deinem<\/li>\n<\/ul>\n\n\n\n<p>Unsere Projekte sind noch \u00fcberschaubar und erst in der Entwicklung, daher freuen wir uns \u00fcber Deine Unterst\u00fctzung.<\/p>\n\n\n\n<p>Ansprechpartner\/ Ansprechpartnerinnen\u00a0<\/p>\n\n\n\n<ol class=\"wp-block-list\">\n<li>Jochen Staiger | <a href=\"mailto:Jochen.Staiger@gemeinsam-fuer-morgen.eu\">Jochen.Staiger@gemeinsam-fuer-morgen.eu<\/a><\/li>\n\n\n\n<li>Melanie Maier\u00a0 |\u00a0<a href=\"mailto:Melanie.maier@gemeinsam-fuer-morgen.eu\">Melanie.maier@gemeinsam-fuer-morgen.eu<\/a><\/li>\n<\/ol>\n\n\n\n<p><a id=\"_msocom_2\"><\/a><\/p>\n","protected":false},"excerpt":{"rendered":"<p>Das ist unsere Arbeitsgruppe Mobilit\u00e4t Wir sind Melanie und Jochen von der Arbeitsgruppe Mobilit\u00e4t von Gemeinsam f\u00fcr MORGEN e.V. Unser Fokus liegt auf der F\u00f6rderung des Bewusstseins sowie Ideenentwicklung und Umsetzung von Projekten zu nachhaltiger Mobilit\u00e4t in unserer Gemeinde und im Umland. Im Fokus stehen die schw\u00e4cheren Verkehrsteilnehmer, zum Beispiel Kinder, Menschen mit eingeschr\u00e4nkter Mobilit\u00e4t &hellip; <a href=\"https:\/\/gemeinsam-fuer-morgen.eu\/?page_id=1173\" class=\"more-link\"><span class=\"screen-reader-text\">Mobilit\u00e4t<\/span> weiterlesen<\/a><\/p>\n","protected":false},"author":2,"featured_media":0,"parent":1168,"menu_order":0,"comment_status":"closed","ping_status":"closed","template":"","meta":{"footnotes":""},"class_list":["post-1173","page","type-page","status-publish","hentry"],"yoast_head":"<!-- This site is optimized with the Yoast SEO plugin v27.5 - https:\/\/yoast.com\/product\/yoast-seo-wordpress\/ -->\n<title>Mobilit\u00e4t - Gemeinsam f\u00fcr Morgen e.V.<\/title>\n<meta name=\"robots\" content=\"index, follow, max-snippet:-1, max-image-preview:large, max-video-preview:-1\" \/>\n<link rel=\"canonical\" href=\"https:\/\/gemeinsam-fuer-morgen.eu\/?page_id=1173\" \/>\n<meta property=\"og:locale\" content=\"de_DE\" \/>\n<meta property=\"og:type\" content=\"article\" \/>\n<meta property=\"og:title\" content=\"Mobilit\u00e4t - Gemeinsam f\u00fcr Morgen e.V.\" \/>\n<meta property=\"og:description\" content=\"Das ist unsere Arbeitsgruppe Mobilit\u00e4t Wir sind Melanie und Jochen von der Arbeitsgruppe Mobilit\u00e4t von Gemeinsam f\u00fcr MORGEN e.V. Unser Fokus liegt auf der F\u00f6rderung des Bewusstseins sowie Ideenentwicklung und Umsetzung von Projekten zu nachhaltiger Mobilit\u00e4t in unserer Gemeinde und im Umland. Im Fokus stehen die schw\u00e4cheren Verkehrsteilnehmer, zum Beispiel Kinder, Menschen mit eingeschr\u00e4nkter Mobilit\u00e4t &hellip; Mobilit\u00e4t weiterlesen\" \/>\n<meta property=\"og:url\" content=\"https:\/\/gemeinsam-fuer-morgen.eu\/?page_id=1173\" \/>\n<meta property=\"og:site_name\" content=\"Gemeinsam f\u00fcr Morgen e.V.\" \/>\n<meta property=\"article:modified_time\" content=\"2024-06-02T14:08:54+00:00\" \/>\n<meta name=\"twitter:card\" content=\"summary_large_image\" \/>\n<meta name=\"twitter:label1\" content=\"Gesch\u00e4tzte Lesezeit\" \/>\n\t<meta name=\"twitter:data1\" content=\"1\u00a0Minute\" \/>\n<script type=\"application\/ld+json\" class=\"yoast-schema-graph\">{\"@context\":\"https:\\\/\\\/schema.org\",\"@graph\":[{\"@type\":\"WebPage\",\"@id\":\"https:\\\/\\\/gemeinsam-fuer-morgen.eu\\\/?page_id=1173\",\"url\":\"https:\\\/\\\/gemeinsam-fuer-morgen.eu\\\/?page_id=1173\",\"name\":\"Mobilit\u00e4t - Gemeinsam f\u00fcr Morgen e.V.\",\"isPartOf\":{\"@id\":\"https:\\\/\\\/gemeinsam-fuer-morgen.eu\\\/#website\"},\"datePublished\":\"2024-05-22T09:35:16+00:00\",\"dateModified\":\"2024-06-02T14:08:54+00:00\",\"breadcrumb\":{\"@id\":\"https:\\\/\\\/gemeinsam-fuer-morgen.eu\\\/?page_id=1173#breadcrumb\"},\"inLanguage\":\"de\",\"potentialAction\":[{\"@type\":\"ReadAction\",\"target\":[\"https:\\\/\\\/gemeinsam-fuer-morgen.eu\\\/?page_id=1173\"]}]},{\"@type\":\"BreadcrumbList\",\"@id\":\"https:\\\/\\\/gemeinsam-fuer-morgen.eu\\\/?page_id=1173#breadcrumb\",\"itemListElement\":[{\"@type\":\"ListItem\",\"position\":1,\"name\":\"Startseite\",\"item\":\"https:\\\/\\\/gemeinsam-fuer-morgen.eu\\\/\"},{\"@type\":\"ListItem\",\"position\":2,\"name\":\"Arbeitsgruppen\",\"item\":\"https:\\\/\\\/gemeinsam-fuer-morgen.eu\\\/?page_id=1168\"},{\"@type\":\"ListItem\",\"position\":3,\"name\":\"Mobilit\u00e4t\"}]},{\"@type\":\"WebSite\",\"@id\":\"https:\\\/\\\/gemeinsam-fuer-morgen.eu\\\/#website\",\"url\":\"https:\\\/\\\/gemeinsam-fuer-morgen.eu\\\/\",\"name\":\"Gemeinsam f\u00fcr Morgen e.V.\",\"description\":\"Nachhaltig in die Zukunft\",\"publisher\":{\"@id\":\"https:\\\/\\\/gemeinsam-fuer-morgen.eu\\\/#organization\"},\"potentialAction\":[{\"@type\":\"SearchAction\",\"target\":{\"@type\":\"EntryPoint\",\"urlTemplate\":\"https:\\\/\\\/gemeinsam-fuer-morgen.eu\\\/?s={search_term_string}\"},\"query-input\":{\"@type\":\"PropertyValueSpecification\",\"valueRequired\":true,\"valueName\":\"search_term_string\"}}],\"inLanguage\":\"de\"},{\"@type\":\"Organization\",\"@id\":\"https:\\\/\\\/gemeinsam-fuer-morgen.eu\\\/#organization\",\"name\":\"Gemeinsam f\u00fcr Morgen\",\"url\":\"https:\\\/\\\/gemeinsam-fuer-morgen.eu\\\/\",\"logo\":{\"@type\":\"ImageObject\",\"inLanguage\":\"de\",\"@id\":\"https:\\\/\\\/gemeinsam-fuer-morgen.eu\\\/#\\\/schema\\\/logo\\\/image\\\/\",\"url\":\"https:\\\/\\\/gemeinsam-fuer-morgen.eu\\\/wp-content\\\/uploads\\\/2020\\\/11\\\/cropped-Logo_ohneKasten_GfM-20201009-1.png\",\"contentUrl\":\"https:\\\/\\\/gemeinsam-fuer-morgen.eu\\\/wp-content\\\/uploads\\\/2020\\\/11\\\/cropped-Logo_ohneKasten_GfM-20201009-1.png\",\"width\":9999,\"height\":4991,\"caption\":\"Gemeinsam f\u00fcr Morgen\"},\"image\":{\"@id\":\"https:\\\/\\\/gemeinsam-fuer-morgen.eu\\\/#\\\/schema\\\/logo\\\/image\\\/\"}}]}<\/script>\n<!-- \/ Yoast SEO plugin. -->","yoast_head_json":{"title":"Mobilit\u00e4t - Gemeinsam f\u00fcr Morgen e.V.","robots":{"index":"index","follow":"follow","max-snippet":"max-snippet:-1","max-image-preview":"max-image-preview:large","max-video-preview":"max-video-preview:-1"},"canonical":"https:\/\/gemeinsam-fuer-morgen.eu\/?page_id=1173","og_locale":"de_DE","og_type":"article","og_title":"Mobilit\u00e4t - Gemeinsam f\u00fcr Morgen e.V.","og_description":"Das ist unsere Arbeitsgruppe Mobilit\u00e4t Wir sind Melanie und Jochen von der Arbeitsgruppe Mobilit\u00e4t von Gemeinsam f\u00fcr MORGEN e.V. Unser Fokus liegt auf der F\u00f6rderung des Bewusstseins sowie Ideenentwicklung und Umsetzung von Projekten zu nachhaltiger Mobilit\u00e4t in unserer Gemeinde und im Umland. Im Fokus stehen die schw\u00e4cheren Verkehrsteilnehmer, zum Beispiel Kinder, Menschen mit eingeschr\u00e4nkter Mobilit\u00e4t &hellip; Mobilit\u00e4t weiterlesen","og_url":"https:\/\/gemeinsam-fuer-morgen.eu\/?page_id=1173","og_site_name":"Gemeinsam f\u00fcr Morgen e.V.","article_modified_time":"2024-06-02T14:08:54+00:00","twitter_card":"summary_large_image","twitter_misc":{"Gesch\u00e4tzte Lesezeit":"1\u00a0Minute"},"schema":{"@context":"https:\/\/schema.org","@graph":[{"@type":"WebPage","@id":"https:\/\/gemeinsam-fuer-morgen.eu\/?page_id=1173","url":"https:\/\/gemeinsam-fuer-morgen.eu\/?page_id=1173","name":"Mobilit\u00e4t - Gemeinsam f\u00fcr Morgen e.V.","isPartOf":{"@id":"https:\/\/gemeinsam-fuer-morgen.eu\/#website"},"datePublished":"2024-05-22T09:35:16+00:00","dateModified":"2024-06-02T14:08:54+00:00","breadcrumb":{"@id":"https:\/\/gemeinsam-fuer-morgen.eu\/?page_id=1173#breadcrumb"},"inLanguage":"de","potentialAction":[{"@type":"ReadAction","target":["https:\/\/gemeinsam-fuer-morgen.eu\/?page_id=1173"]}]},{"@type":"BreadcrumbList","@id":"https:\/\/gemeinsam-fuer-morgen.eu\/?page_id=1173#breadcrumb","itemListElement":[{"@type":"ListItem","position":1,"name":"Startseite","item":"https:\/\/gemeinsam-fuer-morgen.eu\/"},{"@type":"ListItem","position":2,"name":"Arbeitsgruppen","item":"https:\/\/gemeinsam-fuer-morgen.eu\/?page_id=1168"},{"@type":"ListItem","position":3,"name":"Mobilit\u00e4t"}]},{"@type":"WebSite","@id":"https:\/\/gemeinsam-fuer-morgen.eu\/#website","url":"https:\/\/gemeinsam-fuer-morgen.eu\/","name":"Gemeinsam f\u00fcr Morgen e.V.","description":"Nachhaltig in die Zukunft","publisher":{"@id":"https:\/\/gemeinsam-fuer-morgen.eu\/#organization"},"potentialAction":[{"@type":"SearchAction","target":{"@type":"EntryPoint","urlTemplate":"https:\/\/gemeinsam-fuer-morgen.eu\/?s={search_term_string}"},"query-input":{"@type":"PropertyValueSpecification","valueRequired":true,"valueName":"search_term_string"}}],"inLanguage":"de"},{"@type":"Organization","@id":"https:\/\/gemeinsam-fuer-morgen.eu\/#organization","name":"Gemeinsam f\u00fcr Morgen","url":"https:\/\/gemeinsam-fuer-morgen.eu\/","logo":{"@type":"ImageObject","inLanguage":"de","@id":"https:\/\/gemeinsam-fuer-morgen.eu\/#\/schema\/logo\/image\/","url":"https:\/\/gemeinsam-fuer-morgen.eu\/wp-content\/uploads\/2020\/11\/cropped-Logo_ohneKasten_GfM-20201009-1.png","contentUrl":"https:\/\/gemeinsam-fuer-morgen.eu\/wp-content\/uploads\/2020\/11\/cropped-Logo_ohneKasten_GfM-20201009-1.png","width":9999,"height":4991,"caption":"Gemeinsam f\u00fcr Morgen"},"image":{"@id":"https:\/\/gemeinsam-fuer-morgen.eu\/#\/schema\/logo\/image\/"}}]}},"_links":{"self":[{"href":"https:\/\/gemeinsam-fuer-morgen.eu\/index.php?rest_route=\/wp\/v2\/pages\/1173","targetHints":{"allow":["GET"]}}],"collection":[{"href":"https:\/\/gemeinsam-fuer-morgen.eu\/index.php?rest_route=\/wp\/v2\/pages"}],"about":[{"href":"https:\/\/gemeinsam-fuer-morgen.eu\/index.php?rest_route=\/wp\/v2\/types\/page"}],"author":[{"embeddable":true,"href":"https:\/\/gemeinsam-fuer-morgen.eu\/index.php?rest_route=\/wp\/v2\/users\/2"}],"replies":[{"embeddable":true,"href":"https:\/\/gemeinsam-fuer-morgen.eu\/index.php?rest_route=%2Fwp%2Fv2%2Fcomments&post=1173"}],"version-history":[{"count":3,"href":"https:\/\/gemeinsam-fuer-morgen.eu\/index.php?rest_route=\/wp\/v2\/pages\/1173\/revisions"}],"predecessor-version":[{"id":1193,"href":"https:\/\/gemeinsam-fuer-morgen.eu\/index.php?rest_route=\/wp\/v2\/pages\/1173\/revisions\/1193"}],"up":[{"embeddable":true,"href":"https:\/\/gemeinsam-fuer-morgen.eu\/index.php?rest_route=\/wp\/v2\/pages\/1168"}],"wp:attachment":[{"href":"https:\/\/gemeinsam-fuer-morgen.eu\/index.php?rest_route=%2Fwp%2Fv2%2Fmedia&parent=1173"}],"curies":[{"name":"wp","href":"https:\/\/api.w.org\/{rel}","templated":true}]}}