{"id":328,"date":"2021-03-01T08:51:13","date_gmt":"2021-03-01T07:51:13","guid":{"rendered":"https:\/\/gemeinsam-fuer-morgen.eu\/?page_id=328"},"modified":"2021-03-01T17:36:27","modified_gmt":"2021-03-01T16:36:27","slug":"gaestebuch","status":"publish","type":"page","link":"https:\/\/gemeinsam-fuer-morgen.eu\/?page_id=328","title":{"rendered":"G\u00e4stebuch"},"content":{"rendered":"\n<figure class=\"wp-block-image size-large\"><img loading=\"lazy\" decoding=\"async\" width=\"800\" height=\"326\" src=\"https:\/\/gemeinsam-fuer-morgen.eu\/wp-content\/uploads\/2021\/03\/IMG_0837.jpg\" alt=\"\" class=\"wp-image-329\" srcset=\"https:\/\/gemeinsam-fuer-morgen.eu\/wp-content\/uploads\/2021\/03\/IMG_0837.jpg 800w, https:\/\/gemeinsam-fuer-morgen.eu\/wp-content\/uploads\/2021\/03\/IMG_0837-300x122.jpg 300w, https:\/\/gemeinsam-fuer-morgen.eu\/wp-content\/uploads\/2021\/03\/IMG_0837-768x313.jpg 768w\" sizes=\"auto, (max-width: 800px) 100vw, 800px\" \/><\/figure>\n\n\n\n<p>Liebe BesucherInnen unserer Homepage, <\/p>\n\n\n\n<p>auf dieser Seite k\u00f6nnt ihr \u00fcber die Kommentarfunktion mit uns in Kontakt treten: R\u00fcckmeldungen, Tipps, Tricks, Vorschl\u00e4ge &#8230;<\/p>\n\n\n\n<p>Wir freuen uns auf einen regen Austausch!<\/p>\n\n\n\n<p><\/p>\n","protected":false},"excerpt":{"rendered":"<p>Liebe BesucherInnen unserer Homepage, auf dieser Seite k\u00f6nnt ihr \u00fcber die Kommentarfunktion mit uns in Kontakt treten: R\u00fcckmeldungen, Tipps, Tricks, Vorschl\u00e4ge &#8230; Wir freuen uns auf einen regen Austausch!<\/p>\n","protected":false},"author":2,"featured_media":0,"parent":0,"menu_order":0,"comment_status":"open","ping_status":"closed","template":"","meta":{"footnotes":""},"class_list":["post-328","page","type-page","status-publish","hentry"],"yoast_head":"<!-- This site is optimized with the Yoast SEO plugin v27.5 - https:\/\/yoast.com\/product\/yoast-seo-wordpress\/ -->\n<title>G\u00e4stebuch - Gemeinsam f\u00fcr Morgen e.V.<\/title>\n<meta name=\"robots\" content=\"index, follow, max-snippet:-1, max-image-preview:large, max-video-preview:-1\" \/>\n<link rel=\"canonical\" href=\"https:\/\/gemeinsam-fuer-morgen.eu\/?page_id=328\" \/>\n<meta property=\"og:locale\" content=\"de_DE\" \/>\n<meta property=\"og:type\" content=\"article\" \/>\n<meta property=\"og:title\" content=\"G\u00e4stebuch - Gemeinsam f\u00fcr Morgen e.V.\" \/>\n<meta property=\"og:description\" content=\"Liebe BesucherInnen unserer Homepage, auf dieser Seite k\u00f6nnt ihr \u00fcber die Kommentarfunktion mit uns in Kontakt treten: R\u00fcckmeldungen, Tipps, Tricks, Vorschl\u00e4ge &#8230; Wir freuen uns auf einen regen Austausch!\" \/>\n<meta property=\"og:url\" content=\"https:\/\/gemeinsam-fuer-morgen.eu\/?page_id=328\" \/>\n<meta property=\"og:site_name\" content=\"Gemeinsam f\u00fcr Morgen e.V.\" \/>\n<meta property=\"article:modified_time\" content=\"2021-03-01T16:36:27+00:00\" \/>\n<meta property=\"og:image\" content=\"https:\/\/gemeinsam-fuer-morgen.eu\/wp-content\/uploads\/2021\/03\/IMG_0837.jpg\" \/>\n<meta name=\"twitter:card\" content=\"summary_large_image\" \/>\n<script type=\"application\/ld+json\" class=\"yoast-schema-graph\">{\"@context\":\"https:\\\/\\\/schema.org\",\"@graph\":[{\"@type\":\"WebPage\",\"@id\":\"https:\\\/\\\/gemeinsam-fuer-morgen.eu\\\/?page_id=328\",\"url\":\"https:\\\/\\\/gemeinsam-fuer-morgen.eu\\\/?page_id=328\",\"name\":\"G\u00e4stebuch - Gemeinsam f\u00fcr Morgen e.V.\",\"isPartOf\":{\"@id\":\"https:\\\/\\\/gemeinsam-fuer-morgen.eu\\\/#website\"},\"primaryImageOfPage\":{\"@id\":\"https:\\\/\\\/gemeinsam-fuer-morgen.eu\\\/?page_id=328#primaryimage\"},\"image\":{\"@id\":\"https:\\\/\\\/gemeinsam-fuer-morgen.eu\\\/?page_id=328#primaryimage\"},\"thumbnailUrl\":\"https:\\\/\\\/gemeinsam-fuer-morgen.eu\\\/wp-content\\\/uploads\\\/2021\\\/03\\\/IMG_0837.jpg\",\"datePublished\":\"2021-03-01T07:51:13+00:00\",\"dateModified\":\"2021-03-01T16:36:27+00:00\",\"breadcrumb\":{\"@id\":\"https:\\\/\\\/gemeinsam-fuer-morgen.eu\\\/?page_id=328#breadcrumb\"},\"inLanguage\":\"de\",\"potentialAction\":[{\"@type\":\"ReadAction\",\"target\":[\"https:\\\/\\\/gemeinsam-fuer-morgen.eu\\\/?page_id=328\"]}]},{\"@type\":\"ImageObject\",\"inLanguage\":\"de\",\"@id\":\"https:\\\/\\\/gemeinsam-fuer-morgen.eu\\\/?page_id=328#primaryimage\",\"url\":\"https:\\\/\\\/gemeinsam-fuer-morgen.eu\\\/wp-content\\\/uploads\\\/2021\\\/03\\\/IMG_0837.jpg\",\"contentUrl\":\"https:\\\/\\\/gemeinsam-fuer-morgen.eu\\\/wp-content\\\/uploads\\\/2021\\\/03\\\/IMG_0837.jpg\",\"width\":800,\"height\":326},{\"@type\":\"BreadcrumbList\",\"@id\":\"https:\\\/\\\/gemeinsam-fuer-morgen.eu\\\/?page_id=328#breadcrumb\",\"itemListElement\":[{\"@type\":\"ListItem\",\"position\":1,\"name\":\"Startseite\",\"item\":\"https:\\\/\\\/gemeinsam-fuer-morgen.eu\\\/\"},{\"@type\":\"ListItem\",\"position\":2,\"name\":\"G\u00e4stebuch\"}]},{\"@type\":\"WebSite\",\"@id\":\"https:\\\/\\\/gemeinsam-fuer-morgen.eu\\\/#website\",\"url\":\"https:\\\/\\\/gemeinsam-fuer-morgen.eu\\\/\",\"name\":\"Gemeinsam f\u00fcr Morgen e.V.\",\"description\":\"Nachhaltig in die Zukunft\",\"publisher\":{\"@id\":\"https:\\\/\\\/gemeinsam-fuer-morgen.eu\\\/#organization\"},\"potentialAction\":[{\"@type\":\"SearchAction\",\"target\":{\"@type\":\"EntryPoint\",\"urlTemplate\":\"https:\\\/\\\/gemeinsam-fuer-morgen.eu\\\/?s={search_term_string}\"},\"query-input\":{\"@type\":\"PropertyValueSpecification\",\"valueRequired\":true,\"valueName\":\"search_term_string\"}}],\"inLanguage\":\"de\"},{\"@type\":\"Organization\",\"@id\":\"https:\\\/\\\/gemeinsam-fuer-morgen.eu\\\/#organization\",\"name\":\"Gemeinsam f\u00fcr Morgen\",\"url\":\"https:\\\/\\\/gemeinsam-fuer-morgen.eu\\\/\",\"logo\":{\"@type\":\"ImageObject\",\"inLanguage\":\"de\",\"@id\":\"https:\\\/\\\/gemeinsam-fuer-morgen.eu\\\/#\\\/schema\\\/logo\\\/image\\\/\",\"url\":\"https:\\\/\\\/gemeinsam-fuer-morgen.eu\\\/wp-content\\\/uploads\\\/2020\\\/11\\\/cropped-Logo_ohneKasten_GfM-20201009-1.png\",\"contentUrl\":\"https:\\\/\\\/gemeinsam-fuer-morgen.eu\\\/wp-content\\\/uploads\\\/2020\\\/11\\\/cropped-Logo_ohneKasten_GfM-20201009-1.png\",\"width\":9999,\"height\":4991,\"caption\":\"Gemeinsam f\u00fcr Morgen\"},\"image\":{\"@id\":\"https:\\\/\\\/gemeinsam-fuer-morgen.eu\\\/#\\\/schema\\\/logo\\\/image\\\/\"}}]}<\/script>\n<!-- \/ Yoast SEO plugin. -->","yoast_head_json":{"title":"G\u00e4stebuch - Gemeinsam f\u00fcr Morgen e.V.","robots":{"index":"index","follow":"follow","max-snippet":"max-snippet:-1","max-image-preview":"max-image-preview:large","max-video-preview":"max-video-preview:-1"},"canonical":"https:\/\/gemeinsam-fuer-morgen.eu\/?page_id=328","og_locale":"de_DE","og_type":"article","og_title":"G\u00e4stebuch - Gemeinsam f\u00fcr Morgen e.V.","og_description":"Liebe BesucherInnen unserer Homepage, auf dieser Seite k\u00f6nnt ihr \u00fcber die Kommentarfunktion mit uns in Kontakt treten: R\u00fcckmeldungen, Tipps, Tricks, Vorschl\u00e4ge &#8230; Wir freuen uns auf einen regen Austausch!","og_url":"https:\/\/gemeinsam-fuer-morgen.eu\/?page_id=328","og_site_name":"Gemeinsam f\u00fcr Morgen e.V.","article_modified_time":"2021-03-01T16:36:27+00:00","og_image":[{"url":"https:\/\/gemeinsam-fuer-morgen.eu\/wp-content\/uploads\/2021\/03\/IMG_0837.jpg","type":"","width":"","height":""}],"twitter_card":"summary_large_image","schema":{"@context":"https:\/\/schema.org","@graph":[{"@type":"WebPage","@id":"https:\/\/gemeinsam-fuer-morgen.eu\/?page_id=328","url":"https:\/\/gemeinsam-fuer-morgen.eu\/?page_id=328","name":"G\u00e4stebuch - Gemeinsam f\u00fcr Morgen e.V.","isPartOf":{"@id":"https:\/\/gemeinsam-fuer-morgen.eu\/#website"},"primaryImageOfPage":{"@id":"https:\/\/gemeinsam-fuer-morgen.eu\/?page_id=328#primaryimage"},"image":{"@id":"https:\/\/gemeinsam-fuer-morgen.eu\/?page_id=328#primaryimage"},"thumbnailUrl":"https:\/\/gemeinsam-fuer-morgen.eu\/wp-content\/uploads\/2021\/03\/IMG_0837.jpg","datePublished":"2021-03-01T07:51:13+00:00","dateModified":"2021-03-01T16:36:27+00:00","breadcrumb":{"@id":"https:\/\/gemeinsam-fuer-morgen.eu\/?page_id=328#breadcrumb"},"inLanguage":"de","potentialAction":[{"@type":"ReadAction","target":["https:\/\/gemeinsam-fuer-morgen.eu\/?page_id=328"]}]},{"@type":"ImageObject","inLanguage":"de","@id":"https:\/\/gemeinsam-fuer-morgen.eu\/?page_id=328#primaryimage","url":"https:\/\/gemeinsam-fuer-morgen.eu\/wp-content\/uploads\/2021\/03\/IMG_0837.jpg","contentUrl":"https:\/\/gemeinsam-fuer-morgen.eu\/wp-content\/uploads\/2021\/03\/IMG_0837.jpg","width":800,"height":326},{"@type":"BreadcrumbList","@id":"https:\/\/gemeinsam-fuer-morgen.eu\/?page_id=328#breadcrumb","itemListElement":[{"@type":"ListItem","position":1,"name":"Startseite","item":"https:\/\/gemeinsam-fuer-morgen.eu\/"},{"@type":"ListItem","position":2,"name":"G\u00e4stebuch"}]},{"@type":"WebSite","@id":"https:\/\/gemeinsam-fuer-morgen.eu\/#website","url":"https:\/\/gemeinsam-fuer-morgen.eu\/","name":"Gemeinsam f\u00fcr Morgen e.V.","description":"Nachhaltig in die Zukunft","publisher":{"@id":"https:\/\/gemeinsam-fuer-morgen.eu\/#organization"},"potentialAction":[{"@type":"SearchAction","target":{"@type":"EntryPoint","urlTemplate":"https:\/\/gemeinsam-fuer-morgen.eu\/?s={search_term_string}"},"query-input":{"@type":"PropertyValueSpecification","valueRequired":true,"valueName":"search_term_string"}}],"inLanguage":"de"},{"@type":"Organization","@id":"https:\/\/gemeinsam-fuer-morgen.eu\/#organization","name":"Gemeinsam f\u00fcr Morgen","url":"https:\/\/gemeinsam-fuer-morgen.eu\/","logo":{"@type":"ImageObject","inLanguage":"de","@id":"https:\/\/gemeinsam-fuer-morgen.eu\/#\/schema\/logo\/image\/","url":"https:\/\/gemeinsam-fuer-morgen.eu\/wp-content\/uploads\/2020\/11\/cropped-Logo_ohneKasten_GfM-20201009-1.png","contentUrl":"https:\/\/gemeinsam-fuer-morgen.eu\/wp-content\/uploads\/2020\/11\/cropped-Logo_ohneKasten_GfM-20201009-1.png","width":9999,"height":4991,"caption":"Gemeinsam f\u00fcr Morgen"},"image":{"@id":"https:\/\/gemeinsam-fuer-morgen.eu\/#\/schema\/logo\/image\/"}}]}},"_links":{"self":[{"href":"https:\/\/gemeinsam-fuer-morgen.eu\/index.php?rest_route=\/wp\/v2\/pages\/328","targetHints":{"allow":["GET"]}}],"collection":[{"href":"https:\/\/gemeinsam-fuer-morgen.eu\/index.php?rest_route=\/wp\/v2\/pages"}],"about":[{"href":"https:\/\/gemeinsam-fuer-morgen.eu\/index.php?rest_route=\/wp\/v2\/types\/page"}],"author":[{"embeddable":true,"href":"https:\/\/gemeinsam-fuer-morgen.eu\/index.php?rest_route=\/wp\/v2\/users\/2"}],"replies":[{"embeddable":true,"href":"https:\/\/gemeinsam-fuer-morgen.eu\/index.php?rest_route=%2Fwp%2Fv2%2Fcomments&post=328"}],"version-history":[{"count":2,"href":"https:\/\/gemeinsam-fuer-morgen.eu\/index.php?rest_route=\/wp\/v2\/pages\/328\/revisions"}],"predecessor-version":[{"id":332,"href":"https:\/\/gemeinsam-fuer-morgen.eu\/index.php?rest_route=\/wp\/v2\/pages\/328\/revisions\/332"}],"wp:attachment":[{"href":"https:\/\/gemeinsam-fuer-morgen.eu\/index.php?rest_route=%2Fwp%2Fv2%2Fmedia&parent=328"}],"curies":[{"name":"wp","href":"https:\/\/api.w.org\/{rel}","templated":true}]}}

Gästebuch

<figure class="wp-block-image size-large"><img loading="lazy" decoding="async" width="800" height="326" src="https://gemeinsam-fuer-morgen.eu/wp-content/uploads/2021/03/IMG_0837.jpg" alt="" class="wp-image-329" srcset="https://gemeinsam-fuer-morgen.eu/wp-content/uploads/2021/03/IMG_0837.jpg 800w, https://gemeinsam-fuer-morgen.eu/wp-content/uploads/2021/03/IMG_0837-300x122.jpg 300w, https://gemeinsam-fuer-morgen.eu/wp-content/uploads/2021/03/IMG_0837-768x313.jpg 768w" sizes="auto, (max-width: 800px) 100vw, 800px" /></figure>



<p>Liebe BesucherInnen unserer Homepage, </p>



<p>auf dieser Seite könnt ihr über die Kommentarfunktion mit uns in Kontakt treten: Rückmeldungen, Tipps, Tricks, Vorschläge &#8230;</p>



<p>Wir freuen uns auf einen regen Austausch!</p>



<p></p>

<p>Liebe BesucherInnen unserer Homepage, auf dieser Seite könnt ihr über die Kommentarfunktion mit uns in Kontakt treten: Rückmeldungen, Tipps, Tricks, Vorschläge &#8230; Wir freuen uns auf einen regen Austausch!</p>

<!-- This site is optimized with the Yoast SEO plugin v27.5 - https://yoast.com/product/yoast-seo-wordpress/ -->
<title>Gästebuch - Gemeinsam für Morgen e.V.</title>
<meta name="robots" content="index, follow, max-snippet:-1, max-image-preview:large, max-video-preview:-1" />
<link rel="canonical" href="https://gemeinsam-fuer-morgen.eu/?page_id=328" />
<meta property="og:locale" content="de_DE" />
<meta property="og:type" content="article" />
<meta property="og:title" content="Gästebuch - Gemeinsam für Morgen e.V." />
<meta property="og:description" content="Liebe BesucherInnen unserer Homepage, auf dieser Seite könnt ihr über die Kommentarfunktion mit uns in Kontakt treten: Rückmeldungen, Tipps, Tricks, Vorschläge &#8230; Wir freuen uns auf einen regen Austausch!" />
<meta property="og:url" content="https://gemeinsam-fuer-morgen.eu/?page_id=328" />
<meta property="og:site_name" content="Gemeinsam für Morgen e.V." />
<meta property="article:modified_time" content="2021-03-01T16:36:27+00:00" />
<meta property="og:image" content="https://gemeinsam-fuer-morgen.eu/wp-content/uploads/2021/03/IMG_0837.jpg" />
<meta name="twitter:card" content="summary_large_image" />
<script type="application/ld+json" class="yoast-schema-graph">{"@context":"https:\/\/schema.org","@graph":[{"@type":"WebPage","@id":"https:\/\/gemeinsam-fuer-morgen.eu\/?page_id=328","url":"https:\/\/gemeinsam-fuer-morgen.eu\/?page_id=328","name":"Gästebuch - Gemeinsam für Morgen e.V.","isPartOf":{"@id":"https:\/\/gemeinsam-fuer-morgen.eu\/#website"},"primaryImageOfPage":{"@id":"https:\/\/gemeinsam-fuer-morgen.eu\/?page_id=328#primaryimage"},"image":{"@id":"https:\/\/gemeinsam-fuer-morgen.eu\/?page_id=328#primaryimage"},"thumbnailUrl":"https:\/\/gemeinsam-fuer-morgen.eu\/wp-content\/uploads\/2021\/03\/IMG_0837.jpg","datePublished":"2021-03-01T07:51:13+00:00","dateModified":"2021-03-01T16:36:27+00:00","breadcrumb":{"@id":"https:\/\/gemeinsam-fuer-morgen.eu\/?page_id=328#breadcrumb"},"inLanguage":"de","potentialAction":[{"@type":"ReadAction","target":["https:\/\/gemeinsam-fuer-morgen.eu\/?page_id=328"]}]},{"@type":"ImageObject","inLanguage":"de","@id":"https:\/\/gemeinsam-fuer-morgen.eu\/?page_id=328#primaryimage","url":"https:\/\/gemeinsam-fuer-morgen.eu\/wp-content\/uploads\/2021\/03\/IMG_0837.jpg","contentUrl":"https:\/\/gemeinsam-fuer-morgen.eu\/wp-content\/uploads\/2021\/03\/IMG_0837.jpg","width":800,"height":326},{"@type":"BreadcrumbList","@id":"https:\/\/gemeinsam-fuer-morgen.eu\/?page_id=328#breadcrumb","itemListElement":[{"@type":"ListItem","position":1,"name":"Startseite","item":"https:\/\/gemeinsam-fuer-morgen.eu\/"},{"@type":"ListItem","position":2,"name":"Gästebuch"}]},{"@type":"WebSite","@id":"https:\/\/gemeinsam-fuer-morgen.eu\/#website","url":"https:\/\/gemeinsam-fuer-morgen.eu\/","name":"Gemeinsam für Morgen e.V.","description":"Nachhaltig in die Zukunft","publisher":{"@id":"https:\/\/gemeinsam-fuer-morgen.eu\/#organization"},"potentialAction":[{"@type":"SearchAction","target":{"@type":"EntryPoint","urlTemplate":"https:\/\/gemeinsam-fuer-morgen.eu\/?s={search_term_string}"},"query-input":{"@type":"PropertyValueSpecification","valueRequired":true,"valueName":"search_term_string"}}],"inLanguage":"de"},{"@type":"Organization","@id":"https:\/\/gemeinsam-fuer-morgen.eu\/#organization","name":"Gemeinsam für Morgen","url":"https:\/\/gemeinsam-fuer-morgen.eu\/","logo":{"@type":"ImageObject","inLanguage":"de","@id":"https:\/\/gemeinsam-fuer-morgen.eu\/#\/schema\/logo\/image\/","url":"https:\/\/gemeinsam-fuer-morgen.eu\/wp-content\/uploads\/2020\/11\/cropped-Logo_ohneKasten_GfM-20201009-1.png","contentUrl":"https:\/\/gemeinsam-fuer-morgen.eu\/wp-content\/uploads\/2020\/11\/cropped-Logo_ohneKasten_GfM-20201009-1.png","width":9999,"height":4991,"caption":"Gemeinsam für Morgen"},"image":{"@id":"https:\/\/gemeinsam-fuer-morgen.eu\/#\/schema\/logo\/image\/"}}]}</script>
<!-- / Yoast SEO plugin. -->

Gästebuch - Gemeinsam für Morgen e.V.

Liebe BesucherInnen unserer Homepage, auf dieser Seite könnt ihr über die Kommentarfunktion mit uns in Kontakt treten: Rückmeldungen, Tipps, Tricks, Vorschläge &#8230; Wir freuen uns auf einen regen Austausch!

Gemeinsam für Morgen e.V.

Gemeinsam für Morgen
