{"id":9,"date":"2020-11-01T12:08:17","date_gmt":"2020-11-01T11:08:17","guid":{"rendered":"http:\/\/gemeinsam-fuer-morgen.eu\/?page_id=9"},"modified":"2024-11-14T09:02:08","modified_gmt":"2024-11-14T08:02:08","slug":"der-verein-stellt-sich-vor","status":"publish","type":"page","link":"https:\/\/gemeinsam-fuer-morgen.eu\/?page_id=9","title":{"rendered":"Der Verein stellt sich vor"},"content":{"rendered":"\n<p><strong>Unsere Ziele:<\/strong><\/p>\n\n\n\n<p>Gemeinsam f\u00fcr MORGEN wollen wir den Begriff Nachhaltigkeit mit Leben f\u00fcllen und den Alltag ressourcenschonend gestalten. Ziel des Vereins ist es, Denkanst\u00f6\u00dfe und konkrete Ideen f\u00fcr die Ausrichtung der eigenen und gemeinsamen nachhaltigen Lebensweise zu erarbeiten und umzusetzen. Ohne erhobenen Zeigefinger und undogmatisch. Wir freuen uns \u00fcber jeden, der sich mit uns GEMEINSAM F\u00dcR MORGEN auf den Weg macht und die Zukunft in unserer Gemeinde bereichert und gestaltet.<\/p>\n\n\n\n<p>Das <strong>MORGEN<\/strong> steht f\u00fcr:<\/p>\n\n\n\n<figure class=\"wp-block-gallery has-nested-images columns-default is-cropped wp-block-gallery-1 is-layout-flex wp-block-gallery-is-layout-flex\">\n<figure class=\"wp-block-image size-large\"><img loading=\"lazy\" decoding=\"async\" width=\"712\" height=\"420\" data-id=\"37\" src=\"https:\/\/gemeinsam-fuer-morgen.eu\/wp-content\/uploads\/2020\/11\/Logo-GfM_Text_20201009.png\" alt=\"\" class=\"wp-image-37\" srcset=\"https:\/\/gemeinsam-fuer-morgen.eu\/wp-content\/uploads\/2020\/11\/Logo-GfM_Text_20201009.png 712w, https:\/\/gemeinsam-fuer-morgen.eu\/wp-content\/uploads\/2020\/11\/Logo-GfM_Text_20201009-300x177.png 300w\" sizes=\"auto, (max-width: 712px) 100vw, 712px\" \/><\/figure>\n<\/figure>\n\n\n\n<p><strong>Wer sind wir:<\/strong><\/p>\n\n\n\n<p>Wir, das sind B\u00f6tzinger Umwelt- und Klimasch\u00fctzer, Naturliebhaber, Fahrradbegeisterte, Regionalit\u00e4tsbewusste, Nachhaltigkeitsliebende, Energiebewusste, kreative, offene, tolerante und umtriebige B\u00fcrger_Innen und Gestalter der Gemeinde B\u00f6tzingen.<\/p>\n\n\n\n<p><strong>Mitmachen:<\/strong><\/p>\n\n\n\n<p>Hast Du Lust, mit uns gemeinsam den Verein und eine nachhaltigere Zukunft in unserer Gemeinde zu gestalten?<\/p>\n\n\n\n<p><a href=\"https:\/\/gemeinsam-fuer-morgen.eu\/?page_id=11\" data-type=\"URL\" data-id=\"https:\/\/gemeinsam-fuer-morgen.eu\/?page_id=11\">Dann Mitglied werden!<\/a><\/p>\n\n\n\n<p><a href=\"http:\/\/gemeinsam-fuer-morgen.eu\/wp-content\/uploads\/2020\/11\/SatzungVerein11.11.2020.pdf\">Aktuelle Satzung vom 11.11.2020<\/a><\/p>\n\n\n\n<figure class=\"wp-block-image size-full\"><img loading=\"lazy\" decoding=\"async\" width=\"1399\" height=\"1099\" src=\"https:\/\/gemeinsam-fuer-morgen.eu\/wp-content\/uploads\/2024\/11\/GfM-Vorstand-11_2024.jpg\" alt=\"\" class=\"wp-image-1223\" srcset=\"https:\/\/gemeinsam-fuer-morgen.eu\/wp-content\/uploads\/2024\/11\/GfM-Vorstand-11_2024.jpg 1399w, https:\/\/gemeinsam-fuer-morgen.eu\/wp-content\/uploads\/2024\/11\/GfM-Vorstand-11_2024-300x236.jpg 300w, https:\/\/gemeinsam-fuer-morgen.eu\/wp-content\/uploads\/2024\/11\/GfM-Vorstand-11_2024-1024x804.jpg 1024w, https:\/\/gemeinsam-fuer-morgen.eu\/wp-content\/uploads\/2024\/11\/GfM-Vorstand-11_2024-768x603.jpg 768w\" sizes=\"auto, (max-width: 1399px) 100vw, 1399px\" \/><\/figure>\n\n\n\n<p class=\"has-text-align-center has-small-font-size\"><\/p>\n\n\n\n<p><strong>Der Vorstand:<\/strong><\/p>\n\n\n\n<p>1. Vorsitzender: Dominik Krakutsch&nbsp;&nbsp;&nbsp;&nbsp;&nbsp;&nbsp;&nbsp;&nbsp;&nbsp;&nbsp;&nbsp;&nbsp;&nbsp;&nbsp;&nbsp;&nbsp;&nbsp;&nbsp;&nbsp;&nbsp;&nbsp;&nbsp;&nbsp;&nbsp;&nbsp;&nbsp;&nbsp;&nbsp;&nbsp;&nbsp;&nbsp;&nbsp;&nbsp;&nbsp;&nbsp;&nbsp;&nbsp;&nbsp;&nbsp;&nbsp;&nbsp;&nbsp;&nbsp;&nbsp;&nbsp;&nbsp;&nbsp;&nbsp;&nbsp;&nbsp;&nbsp;&nbsp;&nbsp;&nbsp;&nbsp;&nbsp;&nbsp;&nbsp;&nbsp;&nbsp;&nbsp;&nbsp; <\/p>\n\n\n\n<p>2. Vorsitzende: Diana Kunz<\/p>\n\n\n\n<p>Kassenwartin: Melanie Maier&nbsp;&nbsp;&nbsp;&nbsp;&nbsp;&nbsp;&nbsp;&nbsp;&nbsp;&nbsp;&nbsp;&nbsp;&nbsp;&nbsp;&nbsp;&nbsp;&nbsp;&nbsp;&nbsp;&nbsp;&nbsp;&nbsp;&nbsp;&nbsp;&nbsp;&nbsp;&nbsp;&nbsp;&nbsp;&nbsp;&nbsp;&nbsp;&nbsp;&nbsp;&nbsp;&nbsp;&nbsp;&nbsp;&nbsp;&nbsp;&nbsp;&nbsp;&nbsp;&nbsp;&nbsp;&nbsp;&nbsp;&nbsp;&nbsp;&nbsp;&nbsp;&nbsp;&nbsp;&nbsp;&nbsp;&nbsp;&nbsp;&nbsp;&nbsp;&nbsp;&nbsp;&nbsp;&nbsp;&nbsp;&nbsp;&nbsp; <\/p>\n\n\n\n<p>Schriftf\u00fchrerin: Stefanie Staiger<\/p>\n\n\n\n<p>Beisitzerinnen und Beisitzer: Lisa Veit, Iris Sohn, Karolin Krakutsch und Virgil Schoor<\/p>\n\n\n\n<p>Spenden als finanzielle Unterst\u00fctzung direkt an die GLS-Bank:<\/p>\n\n\n\n<p>IBAN: DE63430609671118470600<\/p>\n\n\n\n<p>BIC: GENODEM1GLS<\/p>\n\n\n\n<p>F\u00fcr eine Spendenquittung bitte eine Mail mit den entsprechenden Daten an <a href=\"mailto: vorstand@gemeinsam-fuer-morgen.eu\">vorstand@gemeinsam-fuer-morgen.eu<\/a><\/p>\n\n\n\n<p><\/p>\n","protected":false},"excerpt":{"rendered":"<p>Unsere Ziele: Gemeinsam f\u00fcr MORGEN wollen wir den Begriff Nachhaltigkeit mit Leben f\u00fcllen und den Alltag ressourcenschonend gestalten. Ziel des Vereins ist es, Denkanst\u00f6\u00dfe und konkrete Ideen f\u00fcr die Ausrichtung der eigenen und gemeinsamen nachhaltigen Lebensweise zu erarbeiten und umzusetzen. Ohne erhobenen Zeigefinger und undogmatisch. Wir freuen uns \u00fcber jeden, der sich mit uns GEMEINSAM &hellip; <a href=\"https:\/\/gemeinsam-fuer-morgen.eu\/?page_id=9\" class=\"more-link\"><span class=\"screen-reader-text\">Der Verein stellt sich vor<\/span> weiterlesen<\/a><\/p>\n","protected":false},"author":1,"featured_media":0,"parent":0,"menu_order":0,"comment_status":"closed","ping_status":"closed","template":"","meta":{"footnotes":""},"class_list":["post-9","page","type-page","status-publish","hentry"],"yoast_head":"<!-- This site is optimized with the Yoast SEO plugin v27.5 - https:\/\/yoast.com\/product\/yoast-seo-wordpress\/ -->\n<title>Der Verein stellt sich vor - Gemeinsam f\u00fcr Morgen e.V.<\/title>\n<meta name=\"robots\" content=\"index, follow, max-snippet:-1, max-image-preview:large, max-video-preview:-1\" \/>\n<link rel=\"canonical\" href=\"https:\/\/gemeinsam-fuer-morgen.eu\/?page_id=9\" \/>\n<meta property=\"og:locale\" content=\"de_DE\" \/>\n<meta property=\"og:type\" content=\"article\" \/>\n<meta property=\"og:title\" content=\"Der Verein stellt sich vor - Gemeinsam f\u00fcr Morgen e.V.\" \/>\n<meta property=\"og:description\" content=\"Unsere Ziele: Gemeinsam f\u00fcr MORGEN wollen wir den Begriff Nachhaltigkeit mit Leben f\u00fcllen und den Alltag ressourcenschonend gestalten. Ziel des Vereins ist es, Denkanst\u00f6\u00dfe und konkrete Ideen f\u00fcr die Ausrichtung der eigenen und gemeinsamen nachhaltigen Lebensweise zu erarbeiten und umzusetzen. Ohne erhobenen Zeigefinger und undogmatisch. Wir freuen uns \u00fcber jeden, der sich mit uns GEMEINSAM &hellip; Der Verein stellt sich vor weiterlesen\" \/>\n<meta property=\"og:url\" content=\"https:\/\/gemeinsam-fuer-morgen.eu\/?page_id=9\" \/>\n<meta property=\"og:site_name\" content=\"Gemeinsam f\u00fcr Morgen e.V.\" \/>\n<meta property=\"article:modified_time\" content=\"2024-11-14T08:02:08+00:00\" \/>\n<meta property=\"og:image\" content=\"https:\/\/gemeinsam-fuer-morgen.eu\/wp-content\/uploads\/2020\/11\/Logo-GfM_Text_20201009.png\" \/>\n\t<meta property=\"og:image:width\" content=\"712\" \/>\n\t<meta property=\"og:image:height\" content=\"420\" \/>\n\t<meta property=\"og:image:type\" content=\"image\/png\" \/>\n<meta name=\"twitter:card\" content=\"summary_large_image\" \/>\n<meta name=\"twitter:label1\" content=\"Gesch\u00e4tzte Lesezeit\" \/>\n\t<meta name=\"twitter:data1\" content=\"2\u00a0Minuten\" \/>\n<script type=\"application\/ld+json\" class=\"yoast-schema-graph\">{\"@context\":\"https:\\\/\\\/schema.org\",\"@graph\":[{\"@type\":\"WebPage\",\"@id\":\"https:\\\/\\\/gemeinsam-fuer-morgen.eu\\\/?page_id=9\",\"url\":\"https:\\\/\\\/gemeinsam-fuer-morgen.eu\\\/?page_id=9\",\"name\":\"Der Verein stellt sich vor - Gemeinsam f\u00fcr Morgen e.V.\",\"isPartOf\":{\"@id\":\"https:\\\/\\\/gemeinsam-fuer-morgen.eu\\\/#website\"},\"primaryImageOfPage\":{\"@id\":\"https:\\\/\\\/gemeinsam-fuer-morgen.eu\\\/?page_id=9#primaryimage\"},\"image\":{\"@id\":\"https:\\\/\\\/gemeinsam-fuer-morgen.eu\\\/?page_id=9#primaryimage\"},\"thumbnailUrl\":\"https:\\\/\\\/gemeinsam-fuer-morgen.eu\\\/wp-content\\\/uploads\\\/2020\\\/11\\\/Logo-GfM_Text_20201009.png\",\"datePublished\":\"2020-11-01T11:08:17+00:00\",\"dateModified\":\"2024-11-14T08:02:08+00:00\",\"breadcrumb\":{\"@id\":\"https:\\\/\\\/gemeinsam-fuer-morgen.eu\\\/?page_id=9#breadcrumb\"},\"inLanguage\":\"de\",\"potentialAction\":[{\"@type\":\"ReadAction\",\"target\":[\"https:\\\/\\\/gemeinsam-fuer-morgen.eu\\\/?page_id=9\"]}]},{\"@type\":\"ImageObject\",\"inLanguage\":\"de\",\"@id\":\"https:\\\/\\\/gemeinsam-fuer-morgen.eu\\\/?page_id=9#primaryimage\",\"url\":\"https:\\\/\\\/gemeinsam-fuer-morgen.eu\\\/wp-content\\\/uploads\\\/2020\\\/11\\\/Logo-GfM_Text_20201009.png\",\"contentUrl\":\"https:\\\/\\\/gemeinsam-fuer-morgen.eu\\\/wp-content\\\/uploads\\\/2020\\\/11\\\/Logo-GfM_Text_20201009.png\",\"width\":712,\"height\":420},{\"@type\":\"BreadcrumbList\",\"@id\":\"https:\\\/\\\/gemeinsam-fuer-morgen.eu\\\/?page_id=9#breadcrumb\",\"itemListElement\":[{\"@type\":\"ListItem\",\"position\":1,\"name\":\"Startseite\",\"item\":\"https:\\\/\\\/gemeinsam-fuer-morgen.eu\\\/\"},{\"@type\":\"ListItem\",\"position\":2,\"name\":\"Der Verein stellt sich vor\"}]},{\"@type\":\"WebSite\",\"@id\":\"https:\\\/\\\/gemeinsam-fuer-morgen.eu\\\/#website\",\"url\":\"https:\\\/\\\/gemeinsam-fuer-morgen.eu\\\/\",\"name\":\"Gemeinsam f\u00fcr Morgen e.V.\",\"description\":\"Nachhaltig in die Zukunft\",\"publisher\":{\"@id\":\"https:\\\/\\\/gemeinsam-fuer-morgen.eu\\\/#organization\"},\"potentialAction\":[{\"@type\":\"SearchAction\",\"target\":{\"@type\":\"EntryPoint\",\"urlTemplate\":\"https:\\\/\\\/gemeinsam-fuer-morgen.eu\\\/?s={search_term_string}\"},\"query-input\":{\"@type\":\"PropertyValueSpecification\",\"valueRequired\":true,\"valueName\":\"search_term_string\"}}],\"inLanguage\":\"de\"},{\"@type\":\"Organization\",\"@id\":\"https:\\\/\\\/gemeinsam-fuer-morgen.eu\\\/#organization\",\"name\":\"Gemeinsam f\u00fcr Morgen\",\"url\":\"https:\\\/\\\/gemeinsam-fuer-morgen.eu\\\/\",\"logo\":{\"@type\":\"ImageObject\",\"inLanguage\":\"de\",\"@id\":\"https:\\\/\\\/gemeinsam-fuer-morgen.eu\\\/#\\\/schema\\\/logo\\\/image\\\/\",\"url\":\"https:\\\/\\\/gemeinsam-fuer-morgen.eu\\\/wp-content\\\/uploads\\\/2020\\\/11\\\/cropped-Logo_ohneKasten_GfM-20201009-1.png\",\"contentUrl\":\"https:\\\/\\\/gemeinsam-fuer-morgen.eu\\\/wp-content\\\/uploads\\\/2020\\\/11\\\/cropped-Logo_ohneKasten_GfM-20201009-1.png\",\"width\":9999,\"height\":4991,\"caption\":\"Gemeinsam f\u00fcr Morgen\"},\"image\":{\"@id\":\"https:\\\/\\\/gemeinsam-fuer-morgen.eu\\\/#\\\/schema\\\/logo\\\/image\\\/\"}}]}<\/script>\n<!-- \/ Yoast SEO plugin. -->","yoast_head_json":{"title":"Der Verein stellt sich vor - Gemeinsam f\u00fcr Morgen e.V.","robots":{"index":"index","follow":"follow","max-snippet":"max-snippet:-1","max-image-preview":"max-image-preview:large","max-video-preview":"max-video-preview:-1"},"canonical":"https:\/\/gemeinsam-fuer-morgen.eu\/?page_id=9","og_locale":"de_DE","og_type":"article","og_title":"Der Verein stellt sich vor - Gemeinsam f\u00fcr Morgen e.V.","og_description":"Unsere Ziele: Gemeinsam f\u00fcr MORGEN wollen wir den Begriff Nachhaltigkeit mit Leben f\u00fcllen und den Alltag ressourcenschonend gestalten. Ziel des Vereins ist es, Denkanst\u00f6\u00dfe und konkrete Ideen f\u00fcr die Ausrichtung der eigenen und gemeinsamen nachhaltigen Lebensweise zu erarbeiten und umzusetzen. Ohne erhobenen Zeigefinger und undogmatisch. Wir freuen uns \u00fcber jeden, der sich mit uns GEMEINSAM &hellip; Der Verein stellt sich vor weiterlesen","og_url":"https:\/\/gemeinsam-fuer-morgen.eu\/?page_id=9","og_site_name":"Gemeinsam f\u00fcr Morgen e.V.","article_modified_time":"2024-11-14T08:02:08+00:00","og_image":[{"width":712,"height":420,"url":"https:\/\/gemeinsam-fuer-morgen.eu\/wp-content\/uploads\/2020\/11\/Logo-GfM_Text_20201009.png","type":"image\/png"}],"twitter_card":"summary_large_image","twitter_misc":{"Gesch\u00e4tzte Lesezeit":"2\u00a0Minuten"},"schema":{"@context":"https:\/\/schema.org","@graph":[{"@type":"WebPage","@id":"https:\/\/gemeinsam-fuer-morgen.eu\/?page_id=9","url":"https:\/\/gemeinsam-fuer-morgen.eu\/?page_id=9","name":"Der Verein stellt sich vor - Gemeinsam f\u00fcr Morgen e.V.","isPartOf":{"@id":"https:\/\/gemeinsam-fuer-morgen.eu\/#website"},"primaryImageOfPage":{"@id":"https:\/\/gemeinsam-fuer-morgen.eu\/?page_id=9#primaryimage"},"image":{"@id":"https:\/\/gemeinsam-fuer-morgen.eu\/?page_id=9#primaryimage"},"thumbnailUrl":"https:\/\/gemeinsam-fuer-morgen.eu\/wp-content\/uploads\/2020\/11\/Logo-GfM_Text_20201009.png","datePublished":"2020-11-01T11:08:17+00:00","dateModified":"2024-11-14T08:02:08+00:00","breadcrumb":{"@id":"https:\/\/gemeinsam-fuer-morgen.eu\/?page_id=9#breadcrumb"},"inLanguage":"de","potentialAction":[{"@type":"ReadAction","target":["https:\/\/gemeinsam-fuer-morgen.eu\/?page_id=9"]}]},{"@type":"ImageObject","inLanguage":"de","@id":"https:\/\/gemeinsam-fuer-morgen.eu\/?page_id=9#primaryimage","url":"https:\/\/gemeinsam-fuer-morgen.eu\/wp-content\/uploads\/2020\/11\/Logo-GfM_Text_20201009.png","contentUrl":"https:\/\/gemeinsam-fuer-morgen.eu\/wp-content\/uploads\/2020\/11\/Logo-GfM_Text_20201009.png","width":712,"height":420},{"@type":"BreadcrumbList","@id":"https:\/\/gemeinsam-fuer-morgen.eu\/?page_id=9#breadcrumb","itemListElement":[{"@type":"ListItem","position":1,"name":"Startseite","item":"https:\/\/gemeinsam-fuer-morgen.eu\/"},{"@type":"ListItem","position":2,"name":"Der Verein stellt sich vor"}]},{"@type":"WebSite","@id":"https:\/\/gemeinsam-fuer-morgen.eu\/#website","url":"https:\/\/gemeinsam-fuer-morgen.eu\/","name":"Gemeinsam f\u00fcr Morgen e.V.","description":"Nachhaltig in die Zukunft","publisher":{"@id":"https:\/\/gemeinsam-fuer-morgen.eu\/#organization"},"potentialAction":[{"@type":"SearchAction","target":{"@type":"EntryPoint","urlTemplate":"https:\/\/gemeinsam-fuer-morgen.eu\/?s={search_term_string}"},"query-input":{"@type":"PropertyValueSpecification","valueRequired":true,"valueName":"search_term_string"}}],"inLanguage":"de"},{"@type":"Organization","@id":"https:\/\/gemeinsam-fuer-morgen.eu\/#organization","name":"Gemeinsam f\u00fcr Morgen","url":"https:\/\/gemeinsam-fuer-morgen.eu\/","logo":{"@type":"ImageObject","inLanguage":"de","@id":"https:\/\/gemeinsam-fuer-morgen.eu\/#\/schema\/logo\/image\/","url":"https:\/\/gemeinsam-fuer-morgen.eu\/wp-content\/uploads\/2020\/11\/cropped-Logo_ohneKasten_GfM-20201009-1.png","contentUrl":"https:\/\/gemeinsam-fuer-morgen.eu\/wp-content\/uploads\/2020\/11\/cropped-Logo_ohneKasten_GfM-20201009-1.png","width":9999,"height":4991,"caption":"Gemeinsam f\u00fcr Morgen"},"image":{"@id":"https:\/\/gemeinsam-fuer-morgen.eu\/#\/schema\/logo\/image\/"}}]}},"_links":{"self":[{"href":"https:\/\/gemeinsam-fuer-morgen.eu\/index.php?rest_route=\/wp\/v2\/pages\/9","targetHints":{"allow":["GET"]}}],"collection":[{"href":"https:\/\/gemeinsam-fuer-morgen.eu\/index.php?rest_route=\/wp\/v2\/pages"}],"about":[{"href":"https:\/\/gemeinsam-fuer-morgen.eu\/index.php?rest_route=\/wp\/v2\/types\/page"}],"author":[{"embeddable":true,"href":"https:\/\/gemeinsam-fuer-morgen.eu\/index.php?rest_route=\/wp\/v2\/users\/1"}],"replies":[{"embeddable":true,"href":"https:\/\/gemeinsam-fuer-morgen.eu\/index.php?rest_route=%2Fwp%2Fv2%2Fcomments&post=9"}],"version-history":[{"count":25,"href":"https:\/\/gemeinsam-fuer-morgen.eu\/index.php?rest_route=\/wp\/v2\/pages\/9\/revisions"}],"predecessor-version":[{"id":1225,"href":"https:\/\/gemeinsam-fuer-morgen.eu\/index.php?rest_route=\/wp\/v2\/pages\/9\/revisions\/1225"}],"wp:attachment":[{"href":"https:\/\/gemeinsam-fuer-morgen.eu\/index.php?rest_route=%2Fwp%2Fv2%2Fmedia&parent=9"}],"curies":[{"name":"wp","href":"https:\/\/api.w.org\/{rel}","templated":true}]}}